
What is the hundreds digit of 2752?
7
What is the thousands digit of 42869?
2
What is the units digit of 3987?
7
What is the hundreds digit of 83458?
4
What is the tens digit of 7728?
2
What is the thousands digit of 3635?
3
What is the thousands digit of 9267?
9
What is the thousands digit of 1084?
1
What is the units digit of 468?
8
What is the thousands digit of 15078?
5
What is the units digit of 955?
5
What is the hundreds digit of 9905?
9
What is the units digit of 893?
3
What is the hundreds digit of 47555?
5
What is the tens digit of 66464?
6
What is the units digit of 59394?
4
What is the hundreds digit of 559?
5
What is the units digit of 20?
0
What is the ten thousands digit of 39813?
3
What is the hundreds digit of 68737?
7
What is the hundreds digit of 702?
7
What is the thousands digit of 2132?
2
What is the hundreds digit of 9050?
0
What is the thousands digit of 2989?
2
What is the hundreds digit of 924?
9
What is the tens digit of 2867?
6
What is the tens digit of 1647?
4
What is the hundreds digit of 10383?
3
What is the hundreds digit of 17734?
7
What is the units digit of 12732?
2
What is the tens digit of 186?
8
What is the tens digit of 123834?
3
What is the tens digit of 5404?
0
What is the tens digit of 735?
3
What is the tens digit of 593?
9
What is the thousands digit of 30751?
0
What is the ten thousands digit of 22272?
2
What is the thousands digit of 1430?
1
What is the hundreds digit of 38495?
4
What is the hundreds digit of 3613?
6
What is the units digit of 143?
3
What is the hundreds digit of 1909?
9
What is the hundreds digit of 147?
1
What is the hundreds digit of 1649?
6
What is the tens digit of 11649?
4
What is the tens digit of 5162?
6
What is the hundreds digit of 19973?
9
What is the hundreds digit of 14070?
0
What is the units digit of 506?
6
What is the ten thousands digit of 26834?
2
What is the thousands digit of 3595?
3
What is the units digit of 2414?
4
What is the hundreds digit of 431?
4
What is the thousands digit of 1575?
1
What is the hundreds digit of 1569?
5
What is the ten thousands digit of 11705?
1
What is the thousands digit of 10824?
0
What is the hundreds digit of 3713?
7
What is the tens digit of 1871?
7
What is the ten thousands digit of 10400?
1
What is the tens digit of 11256?
5
What is the hundreds digit of 34745?
7
What is the hundreds digit of 9116?
1
What is the thousands digit of 21610?
1
What is the hundreds digit of 2614?
6
What is the hundreds digit of 10086?
0
What is the units digit of 2184?
4
What is the units digit of 10926?
6
What is the units digit of 17362?
2
What is the units digit of 6039?
9
What is the units digit of 20615?
5
What is the ten thousands digit of 131673?
3
What is the hundreds digit of 6376?
3
What is the thousands digit of 18114?
8
What is the hundreds digit of 18216?
2
What is the thousands digit of 1641?
1
What is the units digit of 709?
9
What is the ten thousands digit of 111354?
1
What is the tens digit of 2162?
6
What is the hundreds digit of 25131?
1
What is the thousands digit of 2651?
2
What is the ten thousands digit of 20704?
2
What is the units digit of 139?
9
What is the units digit of 609?
9
What is the hundreds digit of 1548?
5
What is the units digit of 12173?
3
What is the ten thousands digit of 52440?
5
What is the hundreds digit of 847?
8
What is the hundreds digit of 12242?
2
What is the hundreds digit of 862?
8
What is the ten thousands digit of 18521?
1
What is the units digit of 992?
2
What is the hundreds digit of 36310?
3
What is the hundreds digit of 232?
2
What is the units digit of 311?
1
What is the tens digit of 2369?
6
What is the hundreds digit of 182?
1
What is the units digit of 6371?
1
What is the tens digit of 43311?
1
What is the tens digit of 4475?
7
What is the hundreds digit of 13543?
5
What is the tens digit of 11944?
4
What is the thousands digit of 5918?
5
What is the units digit of 1090?
0
What is the units digit of 837?
7
What is the units digit of 104356?
6
What is the hundreds digit of 245?
2
What is the thousands digit of 1361?
1
What is the tens digit of 58906?
0
What is the hundreds digit of 14852?
8
What is the hundreds digit of 3713?
7
What is the hundreds digit of 22345?
3
What is the tens digit of 8818?
1
What is the units digit of 11164?
4
What is the tens digit of 1367?
6
What is the thousands digit of 2613?
2
What is the hundreds digit of 2689?
6
What is the hundreds digit of 1194?
1
What is the units digit of 18872?
2
What is the tens digit of 45382?
8
What is the units digit of 5443?
3
What is the thousands digit of 2440?
2
What is the thousands digit of 33552?
3
What is the units digit of 898?
8
What is the units digit of 227?
7
What is the thousands digit of 205822?
5
What is the tens digit of 29032?
3
What is the ten thousands digit of 22366?
2
What is the hundreds digit of 6390?
3
What is the hundreds digit of 969?
9
What is the ten thousands digit of 81811?
8
What is the hundreds digit of 9169?
1
What is the tens digit of 3460?
6
What is the units digit of 46525?
5
What is the hundreds digit of 4477?
4
What is the tens digit of 364?
6
What is the tens digit of 477?
7
What is the hundreds digit of 58885?
8
What is the units digit of 572?
2
What is the thousands digit of 3528?
3
What is the tens digit of 2408?
0
What is the tens digit of 7600?
0
What is the tens digit of 22145?
4
What is the hundreds digit of 986?
9
What is the ten thousands digit of 20429?
2
What is the hundreds digit of 1444?
4
What is the hundreds digit of 444?
4
What is the hundreds digit of 191?
1
What is the units digit of 507?
7
What is the thousands digit of 5254?
5
What is the units digit of 1044?
4
What is the hundreds digit of 844?
8
What is the thousands digit of 1199?
1
What is the hundreds digit of 1907?
9
What is the thousands digit of 2379?
2
What is the units digit of 1888?
8
What is the units digit of 10520?
0
What is the hundreds digit of 787?
7
What is the thousands digit of 36765?
6
What is the tens digit of 210?
1
What is the tens digit of 66999?
9
What is the thousands digit of 34192?
4
What is the tens digit of 690?
9
What is the tens digit of 3796?
9
What is the tens digit of 1250?
5
What is the hundreds digit of 110484?
4
What is the hundreds digit of 948?
9
What is the units digit of 565?
5
What is the hundreds digit of 15932?
9
What is the tens digit of 958?
5
What is the units digit of 1831?
1
What is the thousands digit of 15475?
5
What is the ten thousands digit of 21766?
2
What is the thousands digit of 3623?
3
What is the thousands digit of 9199?
9
What is the ten thousands digit of 79508?
7
What is the hundreds digit of 978?
9
What is the ten thousands digit of 14675?
1
What is the tens digit of 1966?
6
What is the tens digit of 67?
6
What is the tens digit of 59428?
2
What is the thousands digit of 2373?
2
What is the units digit of 15104?
4
What is the tens digit of 76475?
7
What is the thousands digit of 1005?
1
What is the hundreds digit of 14542?
5
What is the thousands digit of 12019?
2
What is the units digit of 42263?
3
What is the hundreds digit of 65173?
1
What is the units digit of 10226?
6
What is the tens digit of 2653?
5
What is the hundreds digit of 5294?
2
What is the hundreds digit of 6998?
9
What is the ten thousands digit of 11626?
1
What is the thousands digit of 14895?
4
What is the tens digit of 2953?
5
What is the units digit of 1120?
0
What is the units digit of 5194?
4
What is the ten thousands digit of 70554?
7
What is the units digit of 769?
9
What is the tens digit of 954?
5
What is the thousands digit of 2777?
2
What is the thousands digit of 3060?
3
What is the tens digit of 2933?
3
What is the thousands digit of 2769?
2
What is the units digit of 1457?
7
What is the ten thousands digit of 13494?
1
What is the units digit of 2931?
1
What is the tens digit of 706?
0
What is the units digit of 2083?
3
What is the hundreds digit of 167?
1
What is the units digit of 76328?
8
What is the units digit of 40980?
0
What is the units digit of 61848?
8
What is the thousands digit of 31153?
1
What is the ten thousands digit of 17177?
1
What is the units digit of 30240?
0
What is the tens digit of 555?
5
What is the thousands digit of 16979?
6
What is the thousands